 of 1392?
True
Is 21648 a multiple of 7?
False
Is 8 a factor of 16?
True
Does 5 divide 2300?
True
Is 15 a factor of 10080?
True
Is 8 a factor of 88?
True
Is 139 a factor of 48650?
True
Is 32033 a multiple of 26?
False
Is 57 a factor of 228?
True
Is 1587 a multiple of 5?
False
Is 264 a multiple of 12?
True
Is 30 a factor of 34383?
False
Is 334 a multiple of 42?
False
Is 8768 a multiple of 178?
False
Is 91 a multiple of 5?
False
Is 90 a factor of 9000?
True
Is 36995 a multiple of 151?
True
Is 90 a factor of 7020?
True
Does 37 divide 33152?
True
Is 11610 a multiple of 46?
False
Is 38042 a multiple of 23?
True
Is 14365 a multiple of 221?
True
Is 1953 a multiple of 31?
True
Does 9 divide 2187?
True
Is 80 a factor of 127?
False
Is 6790 a multiple of 35?
True
Is 8 a factor of 424?
True
Is 17 a factor of 754?
False
Does 19 divide 511?
False
Does 21 divide 82929?
True
Does 62 divide 1756?
False
Does 41 divide 10783?
True
Does 21 divide 43179?
False
Is 38 a factor of 4611?
False
Does 31 divide 31992?
True
Is 100 even?
True
Is 23 a factor of 1457?
False
Is 12 a multiple of 5?
False
Does 3 divide 37?
False
Is 10 a factor of 1158?
False
Is 10 a factor of 5807?
False
Does 7 divide 2647?
False
Is 13434 a multiple of 107?
False
Does 62 divide 434?
True
Is 3780 a multiple of 30?
True
Does 32 divide 131?
False
Is 1122 a multiple of 17?
True
Is 71 a factor of 4029?
False
Does 86 divide 11610?
True
Is 13 a factor of 4554?
False
Is 54 a factor of 3942?
True
Is 21 a factor of 724?
False
Is 19 a factor of 2280?
True
Does 5 divide 2285?
True
Is 12580 a multiple of 20?
True
Does 5 divide 400?
True
Is 8 a factor of 5435?
False
Does 181 divide 19043?
False
Is 36409 a multiple of 12?
False
Does 14 divide 1924?
False
Is 128 a factor of 73532?
False
Does 65 divide 21645?
True
Does 49 divide 14979?
False
Does 12 divide 344?
False
Is 11340 a multiple of 6?
True
Is 4592 a multiple of 43?
False
Does 7 divide 378?
True
Does 7 divide 37598?
False
Is 38 a factor of 7144?
True
Is 19 a factor of 18791?
True
Does 5 divide 4520?
True
Is 11762 a multiple of 26?
False
Is 825 a multiple of 21?
False
Does 58 divide 522?
True
Does 18 divide 180?
True
Is 3 a factor of 140?
False
Is 30729 a multiple of 9?
False
Is 27652 a multiple of 62?
True
Is 1813 a multiple of 37?
True
Is 704 a multiple of 16?
True
Is 4158 a multiple of 18?
True
Is 1490 a multiple of 29?
False
Does 25 divide 1265?
False
Does 82 divide 7052?
True
Is 36 a factor of 6192?
True
Is 21 a factor of 6153?
True
Is 26 a factor of 5109?
False
Is 13200 a multiple of 16?
True
Is 7989 a multiple of 6?
False
Is 53545 a multiple of 235?
False
Is 2023 a multiple of 17?
True
Is 38 a factor of 175938?
False
Does 53 divide 4669?
False
Is 39 a factor of 507?
True
Is 1134 a multiple of 21?
True
Does 12 divide 10584?
True
Does 40 divide 466?
False
Does 26 divide 962?
True
Is 24 a factor of 504?
True
Is 27 a factor of 1519?
False
Is 88 a factor of 2504?
False
Is 18126 a multiple of 114?
True
Is 6 a factor of 19?
False
Does 169 divide 26369?
False
Is 11 a factor of 241?
False
Is 18390 a multiple of 6?
True
Is 2156 a multiple of 185?
False
Is 13680 a multiple of 20?
True
Is 5831 a multiple of 7?
True
Does 93 divide 651?
True
Is 22770 a multiple of 18?
True
Does 14 divide 35221?
False
Is 7574 a multiple of 38?
False
Does 22 divide 880?
True
Is 80711 a multiple of 124?
False
Does 11 divide 1265?
True
Is 8 a factor of 2112?
True
Does 17 divide 2050?
False
Does 19 divide 266?
True
Is 5750 a multiple of 46?
True
Is 7502 a multiple of 14?
False
Does 46 divide 16054?
True
Is 64 a factor of 1152?
True
Does 21 divide 1792?
False
Is 12 a factor of 1806?
False
Is 69 a factor of 1242?
True
Does 158 divide 62711?
False
Does 11 divide 412?
False
Does 218 divide 22890?
True
Is 12 a factor of 1752?
True
Is 6 a factor of 19092?
True
Is 60 a multiple of 5?
True
Is 12253 a multiple of 38?
False
Does 9 divide 1017?
True
Is 1260 a multiple of 14?
True
Is 8 a factor of 936?
True
Is 15949 a multiple of 24?
False
Does 44 divide 426?
False
Is 12 a factor of 2052?
True
Does 25 divide 3825?
True
Is 10 a factor of 4633?
False
Is 62 a factor of 1710?
False
Is 45 a factor of 678?
False
Is 13 a factor of 49?
False
Is 22 a factor of 302?
False
Is 493 a multiple of 17?
True
Is 298 a factor of 43210?
True
Is 720 a multiple of 20?
True
Does 74 divide 44451?
False
Is 79248 a multiple of 254?
True
Is 20 a factor of 83740?
True
Is 9 a factor of 225?
True
Is 10 a factor of 150?
True
Is 109 a factor of 6540?
True
Is 27265 a multiple of 41?
True
Is 99 a multiple of 11?
True
Is 9 a factor of 20990?
False
Is 298 a factor of 16986?
True
Is 192 a factor of 8448?
True
Does 60 divide 16320?
True
Does 43 divide 1111?
False
Is 15949 a multiple of 4?
False
Is 90 a factor of 15360?
False
Is 506 a multiple of 11?
True
Is 22 a factor of 1943?
False
Does 19 divide 49438?
True
Is 19 a factor of 2315?
False
Is 2720 a multiple of 136?
True
Is 315 a multiple of 21?
True
Is 478 a multiple of 2?
True
Is 630 a multiple of 9?
True
Is 8 a factor of 5640?
True
Is 9862 a multiple of 29?
False
Does 36 divide 19728?
True
Is 52 a factor of 2496?
True
Is 27876 a multiple of 23?
True
Is 13 a factor of 7545?
False
Is 12 a factor of 12?
True
Does 66 divide 29773?
False
Is 1359 a multiple of 3?
True
Does 5 divide 6665?
True
Is 210 a factor of 24064?
False
Is 723 a multiple of 9?
False
Does 7 divide 569?
False
Does 14 divide 26978?
True
Is 11 a factor of 2596?
True
Is 316 a multiple of 4?
True
Is 63 a factor of 1260?
True
Is 7066 a multiple of 18?
False
Does 26 divide 2187?
False
Does 29 divide 5518?
False
Is 6 a factor of 460?
False
Does 46 divide 8096?
True
Is 2353 a multiple of 13?
True
Is 32821 a multiple of 104?
False
Is 2487 a multiple of 118?
False
Is 8 a factor of 456?
True
Does 7 divide 3752?
True
Is 681 a multiple of 3?
True
Is 25 a factor of 925?
True
Is 8 a factor of 3488?
True
Is 40 a factor of 1783?
False
Is 115 even?
False
Is 9018 a multiple of 75?
False
Is 881 a multiple of 15?
False
Is 7 a factor of 476?
True
Is 16 a factor of 1120?
True
Does 26 divide 208?
True
Is 260 a multiple of 65?
True
Is 100 a factor of 2199?
False
Is 71822 a multiple of 114?
False
Is 38 a factor of 2148?
False
Is 9 a factor of 43466?
False
Is 51977 a multiple of 17?
False
Is 29 a factor of 2581?
True
Does 70 divide 1120?
True
Is 178 a factor of 3186?
False
Is 538 a multiple of 10?
False
Is 1489 a multiple of 58?
False
Is 4464 a multiple of 26?
False
Is 164 a factor of 5538?
False
Does 43 divide 936?
False
Does 35 divide 4625?
False
Is 44814 a multiple of 82?
False
Is 5 a factor of 15781?
False
Is 2908 a multiple of 15?
False
Is 53 a factor of 14041?
False
Is 12842 a multiple of 8?
False
Is 1866 a multiple of 25?
False
Is 126 a factor of 2297?
False
Does 11 divide 2551?
False
Does 37 divide 1665?
True
Does 22 divide 15004?
True
Is 451 a factor of 17747?
False
Is 5 a factor of 1060?
True
Is 2976 a multiple of 48?
True
Does 133 divide 4898?
False
Does 16 divide 5904?
True
Is 23 a factor of 23?
True
Is 1110 a multiple of 3?
True
Does 30 divide 6690?
True
Does 6 divide 11026?
False
Is 76 a factor of 532?
True
Is 65 a multiple of 2?
False
Does 262 divide 13277?
False
Is 5236 a multiple of 34?
True
Is 4270 a multiple of 35?
True
Is 62 a factor of 4239?
False
Does 3 divide 94?
False
Is 130 a factor of 1300?
True
Does 6 divide 600?
True
Is 1895 a multiple of 18?
False
Does 21 divide 19803?
True
Is 16562 a multiple of 13?
True
Is 71 a factor of 843?
False
Is 11 a factor of 345?
False
Is 20996 a multiple of 18?
False
Does 171 divide 14364?
True
Is 7459 a multiple of 92?
False
Is 1566 a multiple of 53?
False
Is 41664 a multiple of 168?
True
Does 15 divide 731?
False
Is 13 a factor of 442?
True
Is 504 a multiple of 9?
True
Does 62 divide 1117?
False
Does 11 divide 22?
True
Does 89 divide 12638?
True
Does 22 divide 3300?
True
Does 20 divide 13300?
True
Is 3 a factor of 191?
False
Does 133 divide 5878?
False
Does 17 divide 16170?
False
Is 1727 a multiple of 11?
True
Does 12 divide 18190?
False
Is 11 a factor of 32507?
False
Is 94 a factor of 12220?
True
Is 23 a factor of 444?
False
Is 14 a factor of 3179?
False
Is 35 a factor of 735?
True
Does 23 divide 6095?
True
Does 13 divide 819?
True
Does 3 divide 571?
False
Does 24 divide 496?
Fal